 26*i - 5*p - 205 = 21*i. Let n be -3 + -14*3/(-2). Calculate the greatest common divisor of i and n.
6
Let p be (-36)/(-21) + (-16)/(-56). Suppose -3*k - p*y + 414 = 0, 685 = 5*k + 3*y + 2*y. Calculate the highest common divisor of k and 56.
28
Let a be (1 - -49)/((-425)/(-510)). Let n = 21 + 759. Calculate the greatest common divisor of n and a.
60
Let h(f) = f**2 + 10*f + 544. Let o be h(0). Let j = o + -325. What is the greatest common divisor of 3 and j?
3
Suppose 2*z + 3*c - 105 = 0, 22*z + 5*c = 19*z + 161. What is the greatest common divisor of z and 534?
6
Let l = 160 - 156. Suppose 0 = -l*b + 56 + 48. Calculate the highest common factor of 117 and b.
13
Suppose -4*n + 4 = 3*l, 2*l + l = -2*n + 8. Let h be (20*-3 - n)*(-10)/20. What is the greatest common divisor of 116 and h?
29
Let w = 28294 + -12763. What is the greatest common factor of 334 and w?
167
Let p(k) = 2*k**2 + 9*k + 2. Let h be p(-6). Suppose 3*m - 44 = -2*w, 0 = 4*m + m - h. What is the highest common divisor of w and 48?
16
Let t be (-10664)/(-26) + 4*1 - 6/39. What is the greatest common divisor of 78 and t?
6
Let x = 17108 - 16983. What is the greatest common factor of x and 800?
25
Suppose 196 = -7*t + 14*t. Let y be t*(105/154 - 4/22). Calculate the greatest common divisor of 35 and y.
7
Let m(v) be the first derivative of v**3/3 - 17*v**2/2 - 18*v + 30. Let f be m(18). Suppose f = 9*y - 51 - 93. Calculate the greatest common factor of 80 and y.
16
Let x(w) = 3*w**2 - 8*w + 9. Let k = 55 + -58. Let g = 4 - k. Let q be x(g). Calculate the highest common divisor of q and 40.
20
Suppose 0 = 5*b - 6*p + 11*p - 495, -599 = -6*b - 5*p. Calculate the greatest common factor of b and 64.
8
Let l = 3917 - 3793. Suppose 13*j = 7*j + 186. What is the highest common factor of l and j?
31
Let b = -35 - -34. Let l be 28 - b - (2 + -1). Suppose 4*i + 2*f - 56 = 0, -4*i + f = -4*f - l. Calculate the highest common divisor of i and 24.
12
Let a be ((-9)/(-6))/(2/4). Let w = 27 - a. Let l be (19 + 4/4)*(8 - 2). What is the greatest common divisor of l and w?
24
Let v = 32147 + -12083. What is the greatest common divisor of 33 and v?
33
Let m be (-4)/(-5)*(-2 - -7). Let z be (6 - 0)*(-720)/(-108). Suppose m*n - z = 3*c + 115, 5*n - 155 = -4*c. Calculate the highest common factor of n and 15.
5
Let f(w) = 16*w**2 - 13*w + 10. Let q be f(-10). Suppose -4*y + 29 = 5*s - 191, s = -4. What is the greatest common factor of y and q?
60
Let h be ((-142)/(-568))/(3/24). Suppose -5*u + 4 = 3*w - 10, 5*u + 1 = 2*w. What is the highest common factor of h and w?
1
Let g(f) = f**2 - 7*f - 5. Let o be g(8). Suppose 5*k = s + 176, -2*k - 38 = -3*k + o*s. What is the greatest common factor of k and 21?
7
Suppose 16*y - 6492 - 4548 = 0. What is the greatest common divisor of y and 240?
30
Let c(b) = -27*b - 30. Let u be c(-2). Let d = 32 - u. Calculate the greatest common factor of 1 and d.
1
Suppose -30 = 5*t - z, -5*t + 20*z - 16*z = 45. Let n be (12/(-15))/(-2 + (-8)/t). Calculate the greatest common divisor of 18 and n.
2
Suppose 5*k = -5*v + 4*k + 21, 0 = -5*v - 2*k + 17. Suppose -2*w = -w - 3*n - 84, 4*n = v*w - 376. Calculate the greatest common factor of 63 and w.
9
Suppose 48*o = -2*o + 758 - 158. Suppose 0 = -3*i - 4*n + 304, -i = 3*n - 87 - 21. Calculate the greatest common divisor of o and i.
12
Let i(q) = q**3 + 14*q**2 + 43*q + 297. Let w be i(-12). Calculate the greatest common factor of w and 7199.
23
Suppose -5*h = -2*q - 21, -q = 4*h - 6 - 3. Suppose -3*z + n = -134, 64 = h*z + 5*n - 76. Suppose 88 = 3*o - 2. What is the greatest common factor of z and o?
15
Let d be 14/(-28) + (-743)/2. Let s = -315 - d. Calculate the greatest common factor of 95 and s.
19
Let w(d) = d**2 - 2. Let r be w(-3). Let t = 241 - 216. Let n = -4 + t. Calculate the greatest common divisor of r and n.
7
Suppose l - 1 = -2*p + 11, -2*p + 4 = 3*l. Let j be ((-2)/(-4))/(3/24). Calculate the highest common factor of p and j.
4
Let n(o) = -o**3 - 14*o. Let d be n(0). Suppose d*i + 237 = 3*s + 3*i, -2*i - 217 = -3*s. What is the highest common divisor of 200 and s?
25
Let r(f) = 27*f**2 + 56*f + 10*f**3 + 107 + 23 - 13*f**3 - 7*f**3 + 9*f**3. Let q be r(29). What is the highest common divisor of 120 and q?
24
Suppose 119 = 3*c - 286. Suppose -103 + 109 = 2*g, 0 = -5*m - 4*g + 37. Calculate the highest common factor of c and m.
5
Suppose 4*k + 8 = 3*q, 4*k - 14 = -3*q + 2. Suppose -l + 2 = -5*f - 5, 0 = -f + q. Calculate the greatest common factor of l and 306.
9
Suppose -10*b + 8*b + 8 = 0. Suppose 3*q + 2*a - 23 = -0*q, -q + 21 = b*a. Let v be 119/q - 12/(-60). Calculate the highest common factor of 8 and v.
8
Suppose 0 = -3*y - 5*k + 5653, -27*k + 22*k = 5. What is the highest common factor of y and 138?
46
Suppose -5*m + c + 30 - 226 = 0, -5*m = -4*c + 184. Let k = -2 - m. Suppose 420 = k*n - 34*n. What is the greatest common divisor of n and 35?
35
Suppose -n = -5*n + 24. Let b(v) = 2*v**2 - 160*v + 3200. Let w be b(37). What is the highest common factor of n and w?
6
Suppose 0*c + 2*c = -2. Let p be (1 - -1*9)/(c/(-24)). What is the greatest common divisor of 60 and p?
60
Let m be 2/((-16)/(-82)) - (-1)/(-4). Suppose 0 = 5*d + 5*l - m, -l = -0*d + 2*d - 5. Suppose d*a = 2*a + 88. What is the highest common factor of 8 and a?
8
Let k = 622 + -440. Suppose -7 = -r - 2*w, -6*w + 3*w = -3*r - 6. Let p be (34/119)/(r/49). What is the greatest common factor of k and p?
14
Suppose -15*u - 35*u = -2119 - 781. Calculate the highest common factor of 54 and u.
2
Let y = 292 + -294. Let t be 3*(-9 + -3)*y/3. What is the highest common divisor of 168 and t?
24
Let g(r) = -r**2 - 26*r - 138. Let l = 912 - 922. Let z be g(l). What is the highest common factor of 1012 and z?
22
Let b be (-6)/(-18) - (4 + 476/(-12)). What is the highest common factor of b and 134?
2
Suppose 9*t + 588 - 2496 = 0. What is the greatest common factor of 265 and t?
53
Let q(j) = j**3 + 33*j**2 - 83*j - 77. Let o be q(-35). Calculate the highest common factor of 162 and o.
54
Let j(h) = -5*h - 5*h + 2*h + 9 - 29 + 3*h**2. Let s be j(-6). Suppose -4*p = -y + 13, 3*y = -4*p + 17 + 38. Calculate the highest common divisor of y and s.
17
Suppose 3*j + 9 = -3*z, 5*j + 2*z + 11 = -10. Let m(b) = b**3 + 9*b**2 + 8*b - 14. Let o be m(j). Calculate the highest common factor of 184 and o.
46
Suppose 2391 = 3*i + 2*l, 26*l - 29*l = -4*i + 3222. Suppose 0 = f - 9. What is the highest common factor of f and i?
9
Suppose 6*b = -96*b + 3366. Calculate the greatest common factor of 2189 and b.
11
Let r = 25238 - 25202. Suppose 0 = -2*b + t - 2*t + 1150, -5*t = -4*b + 2314. Calculate the highest common factor of r and b.
36
Let l = 35066 - 35011. Let t be 11/1 - 0/(-2). What is the greatest common divisor of l and t?
11
Suppose -2*m - u = -3*m + 71, 3*u = m - 67. Let h = m - -159. Suppose 0 = -5*q + 3*l + 130, 0 = l - 4*l + 15. Calculate the greatest common factor of h and q.
29
Let i(s) = 77*s**3 + 10*s**2 + s - 13. Let y be i(2). What is the greatest common divisor of y and 946?
43
Let n be (-350)/(-6)*(-24)/(17 + -21). What is the highest common divisor of 630 and n?
70
Let s = -2999 - -4862. Calculate the highest common divisor of s and 138.
69
Suppose 27*h - 62 = 73. Suppose 0 = 2*l - h*l + 2*z + 2178, l - z = 725. Calculate the highest common divisor of l and 56.
56
Suppose -18 + 175 = 3*y + 4*h, 3*y = -h + 172. Let b = -72 - -14. Let g = y + b. What is the highest common divisor of g and 9?
1
Let x = -24 + 89. Suppose -3*w = -5*w + 3*p + 6, 5*p = -5*w + x. Let d be (-11)/(-66)*(-1 + w)*21. What is the greatest common divisor of 4 and d?
4
Suppose 9*o + 15*o - 520 = -28*o. What is the highest common divisor of o and 4670?
10
Let h be (-476)/12 + (-1)/(3/(-2)). Let c be (2 - h/(-18)) + (-85)/30. Let x be (-53 + 1)/(2*(c - -2)). What is the highest common divisor of 39 and x?
13
Suppose 23*o + 19458 = -0*o. Let r = o - -912. Calculate the highest common factor of 418 and r.
22
Let p be 46 - 50 - 4/(-1). Suppose p*v - 72 = -4*v. What is the highest common divisor of 279 and v?
9
Let c = 594 + -608. Let n be ((-364)/39 + c)*(-60)/14. Calculate the highest common divisor of 4 and n.
4
Let g(z) = 4*z + 12. Let v be g(9). Let o = -196869 + 197141. Calculate the